s - 4 = -p. Suppose -3*l - h - 697 = 0, s = l + 4*l + 3*h + 1159. Let n = l - -330. What is the tens digit of n?
9
Suppose -a + 0 = 4. Let x = a - -18. What is the units digit of x?
4
Suppose 2*d - 16932 = -4*t, 2*t - 2*d - 5178 - 3294 = 0. What is the thousands digit of t?
4
Let j(s) = -872*s - 1180. What is the units digit of j(-9)?
8
Let x = 49 + -29. Let t = -16 + x. Suppose g = -m + 122, g + g = -t*m + 480. What is the hundreds digit of m?
1
Let m = 1418 - 2546. What is the hundreds digit of (-1)/(6/m) - 0?
1
Let m be 0 - 1 - (-14 - 0). Let k be 66/(-429) - (-184)/m. What is the tens digit of (k/3)/((-3)/(-45))?
7
Suppose -43 - 95 = -3*g. Let u = 48 - g. Suppose 0 = u*v - 4*y - 182, 4*v + 2*y = 243 + 151. What is the units digit of v?
7
Let n be (-1)/(-18)*-4 + 156/(-27). Let z be (-1*n/3)/(2/48). Suppose 0 = -2*i + 266 - z. What is the units digit of i?
9
Let c(o) = -6*o - 5. Let u = 91 + -91. Suppose 0 = 2*w - u*w + 28. What is the units digit of c(w)?
9
Let k(w) = w**3 - 3*w**2 - 17*w - 18. Let s be k(8). Let r = s + -142. What is the tens digit of r?
2
Suppose -6*l - 36 = -8*l. Let v(c) = -c**3 + 22*c**2 - 3*c + 32. Let q be v(l). Suppose -2*y = -2*x - 324 - 182, -5*y + q = 4*x. What is the tens digit of y?
5
Let k = -265 + 663. Suppose 0 = -6*d + 88 + k. What is the tens digit of d?
8
Let u(d) = d**2 + 3*d - 4. Let m be u(-4). Suppose -42*p + 35*p + 6594 = m. What is the tens digit of p?
4
Suppose n + 0*s - s - 2 = 0, s = -4*n - 7. What is the units digit of (-11 + 64/(-8))/n?
9
Let t be -1080*(20/(-10))/(12/10). Suppose 15*x - 7*x = t. What is the hundreds digit of x?
2
Let r = -11695 + 21554. What is the hundreds digit of r?
8
Suppose 3*l + 4*m - 61153 = 39042, 5*l - 4*m - 167045 = 0. What is the tens digit of l?
0
Let j(l) = l**2 - 3*l. Let x(t) = t**2 + 2*t - 4. Let y be x(2). Let q be j(y). Suppose -3*g + 2*g = -v - 18, g + 7 = -q*v. What is the tens digit of g?
1
Let l(w) = -7*w - 23. Let d(c) = -6*c - 5 + 0*c - 2*c**2 + c. Let q be d(-3). What is the tens digit of l(q)?
3
What is the thousands digit of ((-270130)/(-30) + 15)*(-3)/(-2)?
3
Suppose -4*m + 4*x + 6 = -62, -m - 5*x = 13. Suppose -9*k - 6 = -m*k. Suppose 54 = j - 3*v, -108 = -2*j + v - k*v. What is the tens digit of j?
5
Suppose 221*l - 648816 = 2256671. What is the hundreds digit of l?
1
What is the tens digit of 1360/(-96)*186/(-1)?
3
Let v = 343 + -356. Let b(o) = o**3 + 17*o**2 - 9*o + 104. What is the hundreds digit of b(v)?
8
Let t(h) = h**2 + 6*h + 4. Let o be t(0). Suppose 5*f - n - 1129 - 1187 = 0, o*f = -n + 1860. What is the tens digit of f?
6
Suppose 8*u - 5*u = -3*r + 1023, -3*u = r - 1025. Suppose -2*j + u = j. What is the hundreds digit of j?
1
Let d = 7731 - 7525. What is the tens digit of d?
0
Suppose -7*t - 38 = 53. Let c = -10 - t. What is the units digit of (c - -50 - -3)*(1 + 0)?
6
What is the ten thousands digit of 20423 - (14/(-10) + -1)/((-828)/2760)?
2
Let b(l) be the first derivative of 339*l**4/2 - 4*l**2 + 9*l + 190. What is the hundreds digit of b(1)?
6
Let y = -2367 + 2516. What is the tens digit of y?
4
Let v = -39 + -33. Let z = v - -302. What is the units digit of z?
0
Suppose 0 = -3*j + j + 2*n + 3630, -5449 = -3*j + n. What is the hundreds digit of j?
8
Suppose 0 = -g + 7*g + 30. Let t be 0 - -169 - (g - -4). Suppose -4*f + t = 5*i, 2*f + 0*f - 130 = -4*i. What is the tens digit of i?
3
Suppose -119284 - 160800 = -27*f - 42187. What is the units digit of f?
1
Let z = -40850 - -62362. What is the thousands digit of z?
1
Let k = 65793 - 10731. What is the thousands digit of k?
5
Let a = 47360 + -21361. What is the units digit of a?
9
What is the hundreds digit of 3126/(-4)*20/(-75) + 42/70?
2
Suppose 0 = -3*v - 9, 41*v = y + 39*v - 5339. What is the units digit of y?
3
Suppose 4*i + v = -5, 2*i + 2*v = -0*i - 10. Suppose -2*t = i, 2*z + 3*t = -z + 1239. What is the tens digit of z?
1
Let s = 321 + -400. Let a = 777 + s. What is the hundreds digit of a?
6
Suppose 11*a - 14*a = -138. Suppose 34 - a = -3*y. Suppose 9*f - y*f - 150 = 0. What is the units digit of f?
0
Suppose -3304*x - 45864 = -3317*x. What is the tens digit of x?
2
Suppose -51740 - 514006 = -102*n + 1338084. What is the ten thousands digit of n?
1
Suppose 0 = 5*n + 9*m - 52894, 0 = -4*m - 7 + 31. What is the ten thousands digit of n?
1
What is the units digit of (-2915)/(-15) + -3 - (-19)/(-57)?
1
Suppose -5*t = -w - 25, 8 = 2*t - w - 5. Let m(o) = o**2 - 4*o. Let c be m(t). Suppose c*s = -5*s + 550. What is the units digit of s?
0
Let z(v) = -30*v**3 + v + 25*v**2 - 32*v**3 + 63*v**3 + 37*v. What is the tens digit of z(-11)?
7
Suppose 222*t = 214*t + 79688. Suppose -32*n + t = -16599. What is the tens digit of n?
3
Let z = -40 - -72. Suppose -220 - z = 3*r + 3*x, 4*x + 248 = -3*r. Let v = r + 164. What is the units digit of v?
6
What is the ten thousands digit of (-1 - ((-1409175)/63 - 8)) + (-30)/35?
2
Let k(j) = -j**3 - 52*j**2 - 106*j - 161. What is the thousands digit of k(-51)?
2
Suppose 3*d - 2*v + 2 = -6*v, -3*v - 2 = 2*d. Suppose -3*s + 4*b = -1337, d*s + 18*b - 19*b = 888. What is the units digit of s?
3
Let a(b) = 2*b**3 + 57*b**2 + 31*b - 15. Let w be a(-28). What is the units digit of 10110/22 + 54/w?
9
Suppose 40*p - 318680 = -26*p + 1119394. What is the hundreds digit of p?
7
Let m be -1 + 9 - 5/((-10)/(-8)). Suppose 0 = 4*q + m*q + 32. What is the units digit of (-2)/q*(-96)/(-1)?
8
Let h(t) = 6*t - 18 + 8*t - 12*t - t. Let s be h(20). Let l(y) = y**3 + y**2 + 3*y - 5. What is the units digit of l(s)?
3
Let x(a) = -3*a**2 - 14*a + 379*a**3 + 11*a + 27*a**3 + 4 + 0*a**2 + 2*a. What is the units digit of x(1)?
6
Let s be (0 + 7)/(-1 - (-3 + 1)). Suppose -2*p + s - 1 = 0. Suppose 0*q - 249 = -p*q. What is the tens digit of q?
8
Suppose 2 - 3 = -i. Let n be (i/(-2) - -1)/((-20)/(-40)). Let y(k) = 36*k**2 - 4*k + 3. What is the units digit of y(n)?
5
Suppose 3*i + 2*f - 38 = 215, 5*f = 5*i - 405. Let d be ((-63)/(-6))/((-3)/(-4)). Suppose h - d = i. What is the units digit of h?
7
Let b(h) = -6*h**3 + 6*h - 8. Let s be b(2). Let i be (-2)/1*290/(-4). Let u = i + s. What is the hundreds digit of u?
1
What is the ten thousands digit of ((-220970)/12 - 518/(-444))*-1?
1
Let y = 24 - 1. Suppose 0 = -y*t + 18*t. Suppose t = -x - 2*m - 3*m + 121, -4*m = -2*x + 200. What is the tens digit of x?
0
What is the units digit of 1*-7 - (-5 - (-10720)/10)*-19?
6
Suppose 760*u - 3275503 = 221*u. What is the tens digit of u?
7
Suppose -159*y + 256795 = -124*y. What is the tens digit of y?
3
Suppose -3*n - z + 4686 = 0, 2*z + 6228 = -5*n + 9*n. What is the tens digit of n?
6
Let d be (6/8)/((-3)/12). Let v(x) = -3*x + 2. Let y be v(d). Suppose 2*f + q = -0*q + y, -4*q - 4 = 0. What is the units digit of f?
6
Let c(t) be the third derivative of t**4/12 + t**3 + 9*t**2. Let j be c(-1). Suppose -w + 2*v + 302 = 2*w, j*v = 5*w - 506. What is the tens digit of w?
9
Suppose 82754 = m - 10943. What is the hundreds digit of m?
6
Suppose 5*s + 5*u - 236016 = 80664, 4*s - 253290 = 2*u. What is the tens digit of s?
2
Let k = -17971 + 65967. What is the ten thousands digit of k?
4
Suppose 20*z - 8 = 18*z. Suppose -91 = -z*h + 977. What is the units digit of h?
7
Let i be 1444/(-57)*(-198)/4. Let r = i + 79. What is the tens digit of r?
3
Let w be (-17574)/18 + -7 - (-4)/(-6). Let g = -272 - w. What is the units digit of g?
2
Suppose -4*f - 2487 = -23987. What is the hundreds digit of f?
3
Let z(o) = -2*o**2 + 16*o + 3. Let u be z(8). Suppose -s - 5*x + 36 = 0, -2*s + 268 = 3*s + u*x. Suppose 61*w - s*w = 370. What is the units digit of w?
4
Suppose 1044765 + 253962 = 27*z. What is the thousands digit of z?
8
Suppose 0 = 13*n - 22*n + 1098. Let j = -44 + n. What is the units digit of j?
8
Let u = -22 - -38. Let c(w) = 7 - 19 + 0*w + 27 + w. What is the tens digit of c(u)?
3
Suppose 4*n = -0*n + 16, -2*d = -3*n. Suppose -x - 2*x = -d. Suppose 0 = m + x*j + 16 - 154, j - 399 = -3*m. What is the tens digit of m?
3
Let d = 525 - 288. Let w = -487 + d. Let o = -131 - w. What is the hundreds digit of o?
1
Let b = 1572 - -41. What is the units digit of b?
3
What is the units digit of (-3)/21 + 2013525/315?
2
Let k be 0 + 5 + 3*(5 - 4). Let r(n) = n**3 - n**2 - 5*n + 59. What is the hundreds 